904 + 2106 = -430*j. Calculate b(j).
37
Let a = 26675 - 26680. Let x(l) = -2*l**3 - 9*l**2 + 4*l + 7. What is x(a)?
12
Let c = -11030 - -11038. Let y(n) = 14*n - 114. What is y(c)?
-2
Suppose -2*g - c = -20, 4*g = g + 2*c + 44. Let x be (-5 - g/(-6)) + (8 - 3). Let l(q) = -2*q**2 + 4*q - 4. What is l(x)?
-4
Let i(n) = n**3 - n**2 - n - 8. Let s(m) = 156*m - 1204. Let f be s(8). Let h = 58 + -102. Let k = f + h. Calculate i(k).
-8
Let r(a) = 2*a**2 - 40*a**2 - 3 + 40*a**2 - 4*a - 8*a**2. Determine r(-1).
-5
Let b(m) = 9 + 4*m - 2 - 2*m. Suppose 2*f + 4 = -3*x, 13*f + 6 = 9*f - 5*x. Let h be (4/12)/(f/(-18)). Determine b(h).
-5
Let t(q) = 38*q + 491. Let l be (130/15)/(6/18*-2). What is t(l)?
-3
Let i = -2188 + 2184. Let j(m) = -m**3 - 4*m**2 + 7*m + 22. Determine j(i).
-6
Suppose 3*b = i - 19, 2*i + b + 13 = 4*i. Let n(g) be the third derivative of -g**6/120 + g**5/20 + g**4/24 - 110271*g**2. What is n(i)?
-12
Let l(n) = -n - 1. Let o be 1 - 13/(-3) - 610/(-915). Let s(i) = 14*i - 11 + 0 + i**2 - 3*i**2. Let q be s(o). What is l(q)?
-2
Let u(g) = -12*g**2 + 22 - 2*g - g**3 + 3*g**2 - 10*g**2 + 2*g**2 - 15*g. Calculate u(-16).
38
Let l(s) = 4*s**3 - s**2 - s + 2. Suppose 0 = 92*i - 64*i - 1008. Let q(p) = -p**2 + 36*p + 1. Let k be q(i). Determine l(k).
4
Let x = -14782 - -14810. Let a(z) = 7*z - 191. Calculate a(x).
5
Let u(c) be the second derivative of c**5/10 - c**4/12 + c**3/2 + c**2/2 + 3372*c. Determine u(3).
55
Let q(p) = p + 1. Suppose -15 = 5*k, -5*b - 37 = k - 104. Suppose -b = -4*w + 2*w. Give q(w).
8
Let d(x) = -4*x + 17*x + 24 + 14*x - 12*x + x**3 + 8*x**2. Calculate d(-6).
6
Let h(s) be the second derivative of -5/6*s**3 + 0 - 3/2*s**2 - 1/6*s**4 + 3*s. Suppose 0*f = -5*f - 4*w - 43, w = 2*f - 1. What is h(f)?
-6
Let z(a) = -5*a - 2 - 7*a - 21*a + 25*a**3 + 65*a - 20*a. Let g(d) = 4*d**3 + d**2 + d - 1. Let q(t) = -6*g(t) + z(t). Calculate q(5).
9
Let o(n) = -7*n**2 + 3*n - 15. Let a(c) = 61*c**2 - 26*c + 128. Let j(x) = 4*a(x) + 35*o(x). Let p be 2 + -2 + 0/(-3). Calculate j(p).
-13
Let q(p) = 8*p + 39. Let n be ((-45)/(-12) + -3)*(-168)/(-63)*-3. Calculate q(n).
-9
Let f(i) = i**3 - 7*i**2 + 2*i - 1. Let p(h) = 7 + 68*h**2 + 14*h - 142*h**2 + 73*h**2. Let o be p(14). Give f(o).
13
Let r be 16/(-9) + (10/45 - 0)/(-1). Let x(p) = -6*p**2 + 5*p + 14. Calculate x(r).
-20
Let c(i) = i**3 - 17*i**2 + 2. Let n(q) be the second derivative of -q**5/20 - 7*q**4/12 - 4*q**3/3 + 5*q**2/2 - 10*q. Let b be n(-6). Give c(b).
2
Let q(u) be the first derivative of 0*u - 1/2*u**2 - 295. What is q(-2)?
2
Let s = -11 + 12. Let x(c) = 4138*c - 2068*c - 3 - 2069*c. Calculate x(s).
-2
Let m(y) = 2*y - 16. Let h be 5/15*1/(3/531). Suppose 0 = 15*n - h - 31. What is m(n)?
-4
Suppose -4*p + g = -10, g = -2*p - p + 11. Suppose -4*l - 2*i + 3 = 1, l - 23 = 4*i. Let a(b) = 4 + 0*b**2 + 0*b**l - b**3 + b**2 + b**2. What is a(p)?
-5
Suppose -228*h - 22 = -206*h. Let o(d) = -7*d + 12. What is o(h)?
19
Let d(p) = -p**3 - 17*p**2 + 34*p - 25. Let j be d(-19). Let k(m) = -j*m**2 - m - m**3 - 6 + 51*m**2. Give k(0).
-6
Let i(k) be the first derivative of -2*k**3/3 + k**2 - 33*k - 7523. Calculate i(5).
-73
Suppose 0 = 3*i - 4*g - 21, g - 9 = -331*i + 327*i. Let z(h) be the second derivative of -h**4/6 + h**3/2 + h**2 - h. What is z(i)?
-7
Let y(m) = -3*m - 5. Suppose 25694 = -4*g + 33*g. Let a = g + -880. Give y(a).
-23
Let j(r) = r**3 + 52*r**2 - 161*r + 223. Let i(n) = -7*n**2 - 129*n - 627. Let d be i(-11). Determine j(d).
3
Let i = -1915 - -2905. Let p be 2/(-11) - i/(-121). Let q(l) = l**3 - 9*l**2 + 9*l - 7. Calculate q(p).
1
Let a(c) = c**3 - 6*c**2 - c - 1. Let n be (0/(-6))/(0 + 1). Suppose 3 + n = b, -b - 312 = -3*v. Let m = 111 - v. Determine a(m).
-7
Let h(a) = 35*a - 245. Let l be h(-6). Let z = 456 + l. Let o(q) = -24*q**2 - q + 1. What is o(z)?
-24
Let r(h) be the third derivative of h**6/40 - h**4/24 - h**3/6 - 2443*h**2. Suppose -3*z = -6*z + 6, 4*z - 8 = 2*t. Suppose -c + t*c = 1. Calculate r(c).
-3
Let n = -86 - -77. Let c(q) = -4*q - 10. Let i(h) = -3*h - 8. Let s(p) = -2*c(p) + 3*i(p). Give s(n).
5
Let v(b) = 9*b**2 - 14*b - 14. Let k be v(7). Let j(d) = -326 + 4*d + 0*d + k. What is j(-2)?
-5
Let y(a) be the second derivative of -a**4/6 + 2*a**3/3 - a**2 + a. Suppose 931*g + 43 = 5629. Determine y(g).
-50
Let g = 1001 - 999. Let j(f) be the second derivative of 4*f**3/3 - 2*f**2 - 2*f. Let q(u) = -7*u + 3. Let x(i) = 4*j(i) + 5*q(i). What is x(g)?
-7
Suppose 3*p = 0, -4*x - 2*p = -4*p - 20. Let u(r) = 4*r**2 - 11*r - 81. Let a(f) = 13*f**2 - 33*f - 272. Let o(g) = 3*a(g) - 10*u(g). Determine o(x).
24
Suppose 2*y - 268 = -44. Let j(i) = 23 - y*i - 110*i + 220*i. Let a(z) = -z + 12. Let q(k) = 7*a(k) - 4*j(k). Give q(13).
5
Let d be (-6)/(-4)*(-16)/(-24). Let z(j) be the third derivative of j**5/15 + j**3/6 + j**2 + 25. What is z(d)?
5
Let q(m) = 210*m - 102*m + 58 - 98*m. Determine q(-6).
-2
Let f(l) = -l**3 + 2*l**2 - 3*l + 4. Suppose -6*r - 58 = -4*r. Suppose s - 12 = 4*k - 0*k, 0 = 3*s + 3*k - 111. Let j = r + s. Determine f(j).
-14
Let y(m) = 50*m + 459. Let h be y(-9). Let r(k) = 7*k**2 - 6*k - 21. Let t(i) = 6*i**2 - 6*i - 21. Let v(n) = 5*r(n) - 6*t(n). Determine v(h).
-6
Let m = -4 - -4. Let p(z) be the second derivative of -1/6*z**3 + 11/2*z**2 + 22*z + 0. Give p(m).
11
Let y(m) = m - 15. Let v be (-8)/(-10)*(-3 - (-3)/6). Let k(s) = 41*s + 82. Let a be k(v). Give y(a).
-15
Let t(n) be the first derivative of -9*n**2/2 + 83*n - 682. What is t(9)?
2
Let c = 15 - 9. Suppose -4*g + 19*g = 75. Let l(t) = g*t - 47*t**2 + 0*t + 1 + 1 - t**3 + 52*t**2 + 6. Calculate l(c).
2
Let f = -1 + 4. Let w(p) = 3*p - p**2 - 4*p + 8*p**2 + p**f - 6. Suppose -667 = 97*l + 97*l + 691. Determine w(l).
1
Let k = -29 + 17. Suppose -3*i - 8*q + 12*q + 6 = 0, -2*q = 0. Let u be (20/k - i/(-3))*7. Let l(s) = -s - 9. Give l(u).
-2
Let c(b) = b**2 + 26*b - 61. Suppose 0 = 2*p + q + 378 - 323, 0 = -2*p + q - 57. Give c(p).
-5
Suppose -2*t - j = -8, -t - 2*j = -2 + 1. Suppose a - 1 = -t*g + 9, 4*g - 8 = -4*a. Let z(r) = 3*r**2 - 5*r. Give z(g).
2
Suppose -3*l = 5*v - 303, 4*v - 3*v = 3*l - 285. Suppose 17*i = 23*i - l. Suppose 4*o = 3*o + 4, -i = -2*t - o. Let g(r) = -r + 5. Give g(t).
-1
Suppose 0 = 12*w - 14*w - f + 3, 0 = -2*w + 3*f + 7. Let d(v) = -4*v**w + 2*v**2 + v**2 - 4 - 11*v - 18*v + 37*v. Determine d(8).
-4
Let h(p) be the first derivative of -p**3/3 - 3*p**2/2 + 3*p + 4. Suppose 2*i + 124 = 2*f, 68 = -f + 2*f + 5*i. Let u be ((f/(-7))/(-9))/((-2)/10). Give h(u).
-7
Let f = 245 - 231. Let m(c) = 35 - f - 23 + 2*c + c**2. Determine m(-3).
1
Let h(f) = -f**2 + f - 13. Let m be (8/35 - (-320)/(-400)) + (-201)/(-21). Calculate h(m).
-85
Let f(g) = g**2 + 5*g + 3. Let u be f(-3). Let v(o) = 49*o**2 - 7*o - 49. Let x(a) = -53*a**2 + 8*a + 53. Let b(i) = 13*v(i) + 12*x(i). What is b(u)?
-7
Let t = 174 + -472. Let x = t - -303. Let r(y) = 8*y - 2. Determine r(x).
38
Suppose 0*b + 2*b = b + 2. Let j(x) = -7*x**3 + 2*x**2 - 2*x + 2. Give j(b).
-50
Let x(g) = 105*g**3 - g**2 - g - 1. Let s(t) = -61*t + 4147. Let m be s(68). Give x(m).
-106
Let d(q) = -3*q**2 + 15*q + 2. Let u(b) = -b**2 + 5*b + 1. Suppose 13*m = -0 - 104. Let k(c) = m*u(c) + 3*d(c). Calculate k(2).
4
Suppose -4*d = 2*o + 2*o - 56, 2*d - 4*o = 4. Let g(u) = -8 - d*u + u + 6*u + 13. Give g(6).
-13
Let m(n) = 5*n**2 + 6*n - 7. Let q(z) = -6*z**2 - 8*z + 9. Let y(r) = 4*m(r) + 3*q(r). Suppose 2*t = 5*d - 12, 3*d - 3*t = -t + 8. Determine y(d).
7
Let y(i) = 3*i + 0*i - 288 - 294 + 640. What is y(-27)?
-23
Let i(y) = -y**3 + 15*y**2 + 16*y - 8. Let j = 2395 + -2379. What is i(j)?
-8
Let r(b) = 64*b - 5. Let l(q) = -13*q + 1. Let u(v) = 11*l(v) + 2*r(v). Let i(a) = 14*a + 97. Suppose -49 = 6*k + k. Let h be i(k). Determine u(h).
16
Let s(j) = -j**3 + 19*j**2 - 5*j + 98. Suppose -2194 = -135*o + 371. What is s(o)?
3
Let u = 4066 + -4075. Let y(h) = h**3 + 10*h**2 + 10*h + 3. Calculate y(u).
-6
Let m = 4259 + -4264. Let n(b) = b**3 + 6*b**2 + 17*b + 51. What is n(m)?
-9
Let f = -40 - -45. Let n(b) = -2*b + 5 - 3 - f + 5. Let l = -46 - -50. Give n(l).
-6
Let p(l) = -2*l + 89. Let z(b) = -b + 445. Let g(h) = -11*p(h) + 2*z(h). Determine g(4).
-9
Let l(y) be the second derivative of -y**4/6 - y**2/2 - 113